{"id":59,"date":"2023-10-08T10:29:59","date_gmt":"2023-10-08T10:29:59","guid":{"rendered":"http:\/\/pluriko.pl\/?page_id=59"},"modified":"2023-11-11T16:44:50","modified_gmt":"2023-11-11T16:44:50","slug":"interlinguistic-studies","status":"publish","type":"page","link":"https:\/\/pluriko.pl\/index.php\/en\/interlinguistic-studies\/","title":{"rendered":"Interlinguistic studies"},"content":{"rendered":"\n<p class=\"has-black-color has-text-color has-link-color wp-elements-6f587fa4f7d37a7dcdc48de3a4b38813\">The post-graduate program in Interlinguistic Studies came into being at the Institute of Linguistics in 1997. Under the direction of Dr Ilona Koutny, the program is the first &#8211; and so far only &#8211; of its kind in Poland and one of only very few in the world. The first students began their studies in the academic year 1998\/99 and the seventh group finished their studies in September 2020 (at the Institute of Ethnolinguistics).<\/p>\n\n\n\n<p class=\"has-black-color has-text-color has-link-color wp-elements-c56135b07cda6f31beecc286542c179b\">The program is international in nature. Lecturers who are eminent specialists in their fields are invited from abroad every semester and conduct classes during the week-long session, for example, phonetics classes were led by the world renowned John Wells of Britain. There were lectures by Prof. Humphrey Tonkin, the former president of Hartford university and a recognized specialist in linguistic problems in international communication and Shakespearean literature.<\/p>\n\n\n\n<p class=\"has-black-color has-text-color has-link-color wp-elements-38354c2c0cb5354f76e13e84740adb02\">Admission is open to both Polish and foreign students. Besides students from Poland there were also students from Belgium, Brazil, China, Croatia, the Czech Republic, Denmark, France, Germany, Hungary, Iran, Italy, Kazakhstan, South Korea, Mexico, the Netherlands, Russia, Slovakia, Spain, Sweden, Switzerland, Turkey, UK and the USA). Interest in the studies has steadily grown both inside and outside Poland. New students can begin their studies in September 2021 (deadline: 1.08.2021).<\/p>\n\n\n\n<p class=\"has-black-color has-text-color has-link-color wp-elements-3e9dd90019aa4f5139c823a14f7c2867\">The three-year course of studies includes classes from general and applied linguistics (morphology, syntax, semantics, pragmatics) and international languages \u2013 both ethnic languages which have filled such a role from Aramaic, through Latin to English and planned languages, from the philosophical languages of the Middle Ages through Esperanto to the latest proposals. The teaching language is Esperanto.<\/p>\n\n\n\n<p class=\"has-black-color has-text-color has-link-color wp-elements-caab6dd4d1d2dbc13bd1a0f7a0a6ab48\">The focus of the studies is Esperanto as the only planned language to have spread across the world. The grammar, literature and history of Esperanto are examined in depth. Another important component of the studies is intercultural communication.<\/p>\n\n\n\n<p class=\"has-black-color has-text-color has-link-color wp-elements-c0d8445a053849df2c39a35721d5746d\">Prof. dr hab. Ilona Koutny<\/p>\n\n\n\n<p class=\"has-black-color has-text-color has-link-color wp-elements-214822167f7584f99b78321a96e6c85a\">Director of Interlinguistic Studies<br><a>http:\/\/interl.amu.edu.pl<\/a><\/p>\n\n\n\n<p class=\"has-black-color has-text-color has-link-color wp-elements-44ba6822f1eed40fe5d7648ce4e60dde\">Institute of Ethnolinguistics AMU<br>al. Niepodleg\u0142o\u015bci 4,<br>PL-61-874 Pozna\u0144<br><a>interlin@amu.edu.pl<\/a><br><a>ikoutny@amu.edu.pl<\/a><\/p>\n","protected":false},"excerpt":{"rendered":"<p>The post-graduate program in Interlinguistic Studies came into being at the Institute of Linguistics in 1997. Under the direction of Dr Ilona Koutny, the program is the first &#8211; and so far only &#8211; of its kind in Poland and one of only very few in the world. The first students began their studies in [&hellip;]<\/p>\n","protected":false},"author":1,"featured_media":0,"parent":0,"menu_order":0,"comment_status":"closed","ping_status":"closed","template":"","meta":{"footnotes":""},"class_list":["post-59","page","type-page","status-publish","hentry"],"_links":{"self":[{"href":"https:\/\/pluriko.pl\/index.php\/wp-json\/wp\/v2\/pages\/59","targetHints":{"allow":["GET"]}}],"collection":[{"href":"https:\/\/pluriko.pl\/index.php\/wp-json\/wp\/v2\/pages"}],"about":[{"href":"https:\/\/pluriko.pl\/index.php\/wp-json\/wp\/v2\/types\/page"}],"author":[{"embeddable":true,"href":"https:\/\/pluriko.pl\/index.php\/wp-json\/wp\/v2\/users\/1"}],"replies":[{"embeddable":true,"href":"https:\/\/pluriko.pl\/index.php\/wp-json\/wp\/v2\/comments?post=59"}],"version-history":[{"count":2,"href":"https:\/\/pluriko.pl\/index.php\/wp-json\/wp\/v2\/pages\/59\/revisions"}],"predecessor-version":[{"id":355,"href":"https:\/\/pluriko.pl\/index.php\/wp-json\/wp\/v2\/pages\/59\/revisions\/355"}],"wp:attachment":[{"href":"https:\/\/pluriko.pl\/index.php\/wp-json\/wp\/v2\/media?parent=59"}],"curies":[{"name":"wp","href":"https:\/\/api.w.org\/{rel}","templated":true}]}}