{"id":617,"date":"2024-01-07T20:35:00","date_gmt":"2024-01-07T20:35:00","guid":{"rendered":"https:\/\/pluriko.pl\/?page_id=617"},"modified":"2024-01-07T20:35:01","modified_gmt":"2024-01-07T20:35:01","slug":"polityka-prywatnosci","status":"publish","type":"page","link":"https:\/\/pluriko.pl\/index.php\/polityka-prywatnosci\/","title":{"rendered":"Polityka prywatno\u015bci"},"content":{"rendered":"\n<p class=\"has-black-color has-text-color has-link-color wp-elements-8ec2319df421ece066b9b4942ede0472\">Polityka prywatno\u015bci dotyczy wy\u0142\u0105cznie danych osobowych, kt\u00f3re przekazywane s\u0105 na stron\u0119 www.pluriko.net w momencie rejestracji lub poczt\u0105 na adres mejlowy Fundacji w celu przekazania darowizny lub uzyskania innej us\u0142ugi.<\/p>\n\n\n\n<p class=\"has-black-color has-text-color has-link-color wp-elements-80d9517d1dc7bd4cbbd2cfec0ecda810\">Polityka prywatno\u015bci oparta jest o regulacje Unii Europejskiej dotycz\u0105ce ochrony danych osobowych RODO, kt\u00f3re w odniesieniu do Fundacji PLURIKO znajdziesz <a href=\"https:\/\/pluriko.pl\/index.php\/pl\/klauzula-rodo\/\" data-type=\"page\" data-id=\"552\"><mark style=\"background-color:rgba(0, 0, 0, 0)\" class=\"has-inline-color has-vivid-cyan-blue-color\">tutaj<\/mark><\/a>.<\/p>\n\n\n\n<p class=\"has-black-color has-text-color has-link-color wp-elements-00ed0b5e5b69242771e4458809abd30a\">Ochronie podlegaj\u0105 nast\u0119puj\u0105ce dane osobowe:<\/p>\n\n\n\n<ol class=\"has-black-color has-text-color has-link-color wp-block-list wp-elements-2915e7bf502f529a6443813d175a14eb\">\n<li>Imi\u0119 i nazwisko<\/li>\n\n\n\n<li>Adres poczty internetowej<\/li>\n<\/ol>\n\n\n\n<p class=\"has-black-color has-text-color has-link-color wp-elements-c71de5fed5488ed09c549a1410b4b296\">Dane te, co do zasady nie s\u0105 przekazywane do publicznej wiadomo\u015bci, ani innym podmiotom.<\/p>\n\n\n\n<p class=\"has-black-color has-text-color has-link-color wp-elements-727d2dc5314bdd9b1cf2ee374063f072\">W momencie rejestracji celem dokonania darowizny ze wzgl\u0119d\u00f3w prawnych u\u017cytkownik zobowi\u0105zany jest do podania:<\/p>\n\n\n\n<ol class=\"has-black-color has-text-color has-link-color wp-block-list wp-elements-832befafc0fbf49d5982254844778148\">\n<li>Imienia<\/li>\n\n\n\n<li>Nazwiska<\/li>\n\n\n\n<li>Kraju zamieszkania<\/li>\n\n\n\n<li>Miejscowo\u015bci zamieszkania<\/li>\n\n\n\n<li>Kwoty i waluty darowizny<\/li>\n\n\n\n<li>Adresu poczty internetowej (jako login)<\/li>\n\n\n\n<li>Has\u0142a<\/li>\n<\/ol>\n\n\n\n<p class=\"has-black-color has-text-color has-link-color wp-elements-c18298a1547318b2f7e83fd4387b2b03\">Przy tym u\u017cytkownik mo\u017ce zastrzec sobie anonimowo\u015b\u0107, co oznacza, \u017ce jego Imi\u0119 i Nazwisko nie b\u0119d\u0105 ujawniane, ale b\u0119d\u0105 do wgl\u0105du organ\u00f3w kontroli do tego upowa\u017cnionych na mocy obowi\u0105zuj\u0105cego w Polsce prawa.<\/p>\n\n\n\n<p class=\"has-black-color has-text-color has-link-color wp-elements-57406259b03debd38739e586d8bcbae9\"><strong>Has\u0142o<\/strong> nie jest znane Fundacji PLURIKO. Zmiana has\u0142a odbywa si\u0119 na \u017c\u0105danie u\u017cytkownika po wpisaniu adresu poczty internetowej i wyborze opcji &#8220;Zresetuj has\u0142o&#8221;  w spos\u00f3b chroniony przez dostawc\u0119 us\u0142ugi rejestracji i dost\u0119pu u\u017cytkownika.<\/p>\n\n\n\n<p class=\"has-black-color has-text-color has-link-color wp-elements-34ce71422abd262bec69db5c7c8bffcb\">Pozosta\u0142e w\/w dane s\u0105 znane Fundacji PLURIKO.<\/p>\n\n\n\n<p class=\"has-black-color has-text-color has-link-color wp-elements-f2249ba110b555411bae3b4f06871482\">U\u017cytkownik mo\u017ce w dowolnym momencie dokona\u0107 wyrejestrowana si\u0119.<\/p>\n","protected":false},"excerpt":{"rendered":"<p>Polityka prywatno\u015bci dotyczy wy\u0142\u0105cznie danych osobowych, kt\u00f3re przekazywane s\u0105 na stron\u0119 www.pluriko.net w momencie rejestracji lub poczt\u0105 na adres mejlowy Fundacji w celu przekazania darowizny lub uzyskania innej us\u0142ugi. Polityka prywatno\u015bci oparta jest o regulacje Unii Europejskiej dotycz\u0105ce ochrony danych osobowych RODO, kt\u00f3re w odniesieniu do Fundacji PLURIKO znajdziesz tutaj. Ochronie podlegaj\u0105 nast\u0119puj\u0105ce dane osobowe: [&hellip;]<\/p>\n","protected":false},"author":1,"featured_media":0,"parent":0,"menu_order":0,"comment_status":"closed","ping_status":"closed","template":"","meta":{"footnotes":""},"class_list":["post-617","page","type-page","status-publish","hentry"],"_links":{"self":[{"href":"https:\/\/pluriko.pl\/index.php\/wp-json\/wp\/v2\/pages\/617","targetHints":{"allow":["GET"]}}],"collection":[{"href":"https:\/\/pluriko.pl\/index.php\/wp-json\/wp\/v2\/pages"}],"about":[{"href":"https:\/\/pluriko.pl\/index.php\/wp-json\/wp\/v2\/types\/page"}],"author":[{"embeddable":true,"href":"https:\/\/pluriko.pl\/index.php\/wp-json\/wp\/v2\/users\/1"}],"replies":[{"embeddable":true,"href":"https:\/\/pluriko.pl\/index.php\/wp-json\/wp\/v2\/comments?post=617"}],"version-history":[{"count":6,"href":"https:\/\/pluriko.pl\/index.php\/wp-json\/wp\/v2\/pages\/617\/revisions"}],"predecessor-version":[{"id":629,"href":"https:\/\/pluriko.pl\/index.php\/wp-json\/wp\/v2\/pages\/617\/revisions\/629"}],"wp:attachment":[{"href":"https:\/\/pluriko.pl\/index.php\/wp-json\/wp\/v2\/media?parent=617"}],"curies":[{"name":"wp","href":"https:\/\/api.w.org\/{rel}","templated":true}]}}