{"id":70,"date":"2023-10-08T10:35:44","date_gmt":"2023-10-08T10:35:44","guid":{"rendered":"http:\/\/pluriko.pl\/?page_id=70"},"modified":"2023-11-11T16:41:24","modified_gmt":"2023-11-11T16:41:24","slug":"statuto","status":"publish","type":"page","link":"https:\/\/pluriko.pl\/index.php\/eo\/statuto\/","title":{"rendered":"Statuto"},"content":{"rendered":"\n<p class=\"has-black-color has-text-color has-link-color wp-elements-33ed6ac6c2a97fe5d8bccd7492676913\"><strong>Elektitaj elementoj de la Statuto de la Fonda\u0135o PLURIKO<\/strong><\/p>\n\n\n\n<p class=\"has-black-color has-text-color has-link-color wp-elements-fc5622954f602421c9e01be1021593ea\">Celoj de la Fonda\u0135o:<\/p>\n\n\n\n<ol class=\"wp-block-list\">\n<li><mark style=\"background-color:rgba(0, 0, 0, 0)\" class=\"has-inline-color has-black-color\">Fari kaj subteni esplorojn en la kampo de plurlingvismo\u00a0kaj interetna kaj interkultura komunikado.<\/mark><\/li>\n\n\n\n<li><mark style=\"background-color:rgba(0, 0, 0, 0)\" class=\"has-inline-color has-black-color\">Anta\u016denigi kaj popularigi plurlingvismon kaj interetnan kaj interkulturan komunikadon kiel kulturan, socian kaj intelektan kapitalon de e\u016dropaj individuoj kaj socioj.<\/mark><\/li>\n\n\n\n<li><mark style=\"background-color:rgba(0, 0, 0, 0)\" class=\"has-inline-color has-black-color\">Iniciati kaj subteni esploradon kaj instruadon de Esperanto kiel propede\u016dtiko en la procezo de lernado de fremdaj lingvoj.<\/mark><\/li>\n<\/ol>\n\n\n\n<p class=\"has-black-color has-text-color has-link-color wp-elements-4e3d457ccb2cd47096d388ba97647a7d\">Formoj de la agado de la Fonda\u0135o:<\/p>\n\n\n\n<ol class=\"wp-block-list\">\n<li><mark style=\"background-color:rgba(0, 0, 0, 0)\" class=\"has-inline-color has-black-color\">Esplora agado &#8211; per projektoj kaj verkoj entreprenitaj kunlabore kun sciencaj institucioj kaj memstare, organizado de sciencaj kaj popularigaj projektoj.<\/mark><\/li>\n\n\n\n<li><mark style=\"background-color:rgba(0, 0, 0, 0)\" class=\"has-inline-color has-black-color\">Edukaj agadoj &#8211; per organizado de lingvokursoj, trejnado\u00a0 de specialistoj pri la temo de la agado de la Fonda\u0135o kaj partopreno en edukaj projektoj de lernejoj, universitatoj kaj aliaj institucioj (precipe tiuj rilataj al handikapuloj), instruado de raraj lingvoj kaj\u00a0 promociado\u00a0 de interkultura kaj interetna komunikado.<\/mark><\/li>\n\n\n\n<li><mark style=\"background-color:rgba(0, 0, 0, 0)\" class=\"has-inline-color has-black-color\">Eldona agado &#8211; per eldonado de sciencaj studoj, instruaj kaj popularigaj materialoj.<\/mark><\/li>\n\n\n\n<li><mark style=\"background-color:rgba(0, 0, 0, 0)\" class=\"has-inline-color has-black-color\">Biblioteka agado &#8211; per kolektado, konservado kaj disponigado de kolekta\u0135oj memstare kaj kunlabore kun aliaj institucioj.<\/mark><\/li>\n\n\n\n<li><mark style=\"background-color:rgba(0, 0, 0, 0)\" class=\"has-inline-color has-black-color\">Aliaj agadoj subtenantaj la celojn de la Fonda\u0135o.<\/mark><\/li>\n<\/ol>\n\n\n\n<p class=\"has-black-color has-text-color has-link-color wp-elements-46443bdd58199705d65b5185ecce4771\">La amplekso de la agadoj de la Fonda\u0135o &#8211; temaj areoj, i.a.:<\/p>\n\n\n\n<ol class=\"wp-block-list\">\n<li><mark style=\"background-color:rgba(0, 0, 0, 0)\" class=\"has-inline-color has-black-color\">Plurlingvismo, interetna kaj interkultura komunikado kiel unu al la direktoj de la agado de e\u016dropaj institucioj.<\/mark><\/li>\n\n\n\n<li><mark style=\"background-color:rgba(0, 0, 0, 0)\" class=\"has-inline-color has-black-color\">Kultura kapialo de e\u016dropaj individuoj kaj socioj rezultantaj el la kono de multaj fremdaj lingvoj.<\/mark><\/li>\n\n\n\n<li><mark style=\"background-color:rgba(0, 0, 0, 0)\" class=\"has-inline-color has-black-color\">E\u016dropa integri\u011do en la kampo de interetnaj kontaktoj kaj lernado de fremdaj lingvoj, precipe de rare instruataj.<\/mark><\/li>\n\n\n\n<li><mark style=\"background-color:rgba(0, 0, 0, 0)\" class=\"has-inline-color has-black-color\">Esploro de la la influo de lernado de relative facila fremda lingvo, kiel Esperanto, sur la procezoj de funkciado la cerbo kaj al la intelekta nivelo de lernantoj, koncerne i.a kiel celgrupoj :<\/mark>\n<ol class=\"wp-block-list\">\n<li><mark style=\"background-color:rgba(0, 0, 0, 0)\" class=\"has-inline-color has-black-color\">homoj kun intelektaj neplenkapabloj &#8211; kiel formo de lingvoterapio de la menso<\/mark><\/li>\n\n\n\n<li><mark style=\"background-color:rgba(0, 0, 0, 0)\" class=\"has-inline-color has-black-color\">homoj en emeriti\u011da\u011do &#8211; kiel lingva dieto da la sano.<\/mark><\/li>\n<\/ol>\n<\/li>\n\n\n\n<li><mark style=\"background-color:rgba(0, 0, 0, 0)\" class=\"has-inline-color has-black-color\">Interlingvistikaj esploroj de Esperanto, kiu originis en Varsovio kaj estas \u011dia kultura hereda\u0135o.<\/mark><\/li>\n\n\n\n<li><mark style=\"background-color:rgba(0, 0, 0, 0)\" class=\"has-inline-color has-black-color\">Organizo de bibliotekkolektoj en la kampo de interlingvistiko, plurlingvismo kaj interkultura komunikado.<\/mark><\/li>\n<\/ol>\n","protected":false},"excerpt":{"rendered":"<p>Elektitaj elementoj de la Statuto de la Fonda\u0135o PLURIKO Celoj de la Fonda\u0135o: Formoj de la agado de la Fonda\u0135o: La amplekso de la agadoj de la Fonda\u0135o &#8211; temaj areoj, i.a.:<\/p>\n","protected":false},"author":1,"featured_media":0,"parent":0,"menu_order":0,"comment_status":"closed","ping_status":"closed","template":"","meta":{"footnotes":""},"class_list":["post-70","page","type-page","status-publish","hentry"],"_links":{"self":[{"href":"https:\/\/pluriko.pl\/index.php\/wp-json\/wp\/v2\/pages\/70","targetHints":{"allow":["GET"]}}],"collection":[{"href":"https:\/\/pluriko.pl\/index.php\/wp-json\/wp\/v2\/pages"}],"about":[{"href":"https:\/\/pluriko.pl\/index.php\/wp-json\/wp\/v2\/types\/page"}],"author":[{"embeddable":true,"href":"https:\/\/pluriko.pl\/index.php\/wp-json\/wp\/v2\/users\/1"}],"replies":[{"embeddable":true,"href":"https:\/\/pluriko.pl\/index.php\/wp-json\/wp\/v2\/comments?post=70"}],"version-history":[{"count":2,"href":"https:\/\/pluriko.pl\/index.php\/wp-json\/wp\/v2\/pages\/70\/revisions"}],"predecessor-version":[{"id":350,"href":"https:\/\/pluriko.pl\/index.php\/wp-json\/wp\/v2\/pages\/70\/revisions\/350"}],"wp:attachment":[{"href":"https:\/\/pluriko.pl\/index.php\/wp-json\/wp\/v2\/media?parent=70"}],"curies":[{"name":"wp","href":"https:\/\/api.w.org\/{rel}","templated":true}]}}