{"id":773,"date":"2024-11-11T21:24:27","date_gmt":"2024-11-11T21:24:27","guid":{"rendered":"https:\/\/pluriko.pl\/?page_id=773"},"modified":"2025-11-15T16:04:32","modified_gmt":"2025-11-15T16:04:32","slug":"poziom-a1-a2","status":"publish","type":"page","link":"https:\/\/pluriko.pl\/index.php\/poziom-a1-a2\/","title":{"rendered":"Poziom A1\/A2"},"content":{"rendered":"\n<p class=\"has-black-color has-text-color has-link-color has-medium-font-size wp-elements-76985f1c398ba3788a8bedf5ecc727fa\"><strong>wydanie dla os\u00f3b polskoj\u0119zycznych (wersja pr\u00f3bna)<\/strong><\/p>\n\n\n\n<div class=\"wp-block-buttons is-content-justification-left is-layout-flex wp-container-core-buttons-is-layout-45245d17 wp-block-buttons-is-layout-flex\">\n<div class=\"wp-block-button\"><a class=\"wp-block-button__link wp-element-button\" href=\"https:\/\/pluriko.pl\/Lernolibro\/PLURIKO%20-%200.pdf\">Rozdzia\u0142 0 &#8211; Wst\u0119p<\/a><\/div>\n\n\n\n<div class=\"wp-block-button\"><a class=\"wp-block-button__link has-text-align-center wp-element-button\" href=\"https:\/\/pluriko.pl\/Lernolibro\/Aventuro_2.2.POL_A1-A2.1.pdf\">Rozdzia\u0142 1<\/a><\/div>\n\n\n\n<div class=\"wp-block-button\"><a class=\"wp-block-button__link has-text-align-left wp-element-button\" href=\"https:\/\/pluriko.pl\/Lernolibro\/Aventuro_2.2.POL_A1-A2.2.pdf\">Rozdzia\u0142 2<\/a><\/div>\n\n\n\n<div class=\"wp-block-button\"><a class=\"wp-block-button__link wp-element-button\" href=\"https:\/\/pluriko.pl\/Lernolibro\/Aventuro_2.2.POL_A1-A2.3.pdf\">Rozdzia\u0142 3<\/a><\/div>\n\n\n\n<div class=\"wp-block-button\"><a class=\"wp-block-button__link wp-element-button\" href=\"https:\/\/pluriko.pl\/Lernolibro\/Aventuro_2.2.POL_A1-A2.4.pdf\">Rozdzia\u0142 4<\/a><\/div>\n\n\n\n<div class=\"wp-block-button\"><a class=\"wp-block-button__link wp-element-button\" href=\"https:\/\/pluriko.pl\/Lernolibro\/Aventuro_2.2.POL_A1-A2.5.pdf\">Rozdzia\u0142 5<\/a><\/div>\n\n\n\n<div class=\"wp-block-button\"><a class=\"wp-block-button__link wp-element-button\" href=\"https:\/\/pluriko.pl\/Lernolibro\/Aventuro_2.2.POL_A1-A2.6.pdf\">Rozdzia\u0142 6<\/a><\/div>\n\n\n\n<div class=\"wp-block-button\"><a class=\"wp-block-button__link wp-element-button\" href=\"https:\/\/pluriko.pl\/Lernolibro\/Aventuro_2.2.POL_A1-A2.7.pdf\">Rozdzia\u0142 7<\/a><\/div>\n\n\n\n<div class=\"wp-block-button\"><a class=\"wp-block-button__link wp-element-button\" href=\"https:\/\/pluriko.pl\/Lernolibro\/Aventuro_2.2.POL_A1-A2.8.pdf\">Rozdzia\u0142 8<\/a><\/div>\n\n\n\n<div class=\"wp-block-button\"><a class=\"wp-block-button__link wp-element-button\" href=\"https:\/\/pluriko.pl\/Lernolibro\/Aventuro_2.2.POL_A1-A2.Gvidilo.pdf\">Przewodnik dla lektora i samouka<\/a><\/div>\n<\/div>\n\n\n\n<p><\/p>\n","protected":false},"excerpt":{"rendered":"<p>wydanie dla os\u00f3b polskoj\u0119zycznych (wersja pr\u00f3bna)<\/p>\n","protected":false},"author":1,"featured_media":0,"parent":0,"menu_order":0,"comment_status":"closed","ping_status":"closed","template":"","meta":{"footnotes":""},"class_list":["post-773","page","type-page","status-publish","hentry"],"_links":{"self":[{"href":"https:\/\/pluriko.pl\/index.php\/wp-json\/wp\/v2\/pages\/773","targetHints":{"allow":["GET"]}}],"collection":[{"href":"https:\/\/pluriko.pl\/index.php\/wp-json\/wp\/v2\/pages"}],"about":[{"href":"https:\/\/pluriko.pl\/index.php\/wp-json\/wp\/v2\/types\/page"}],"author":[{"embeddable":true,"href":"https:\/\/pluriko.pl\/index.php\/wp-json\/wp\/v2\/users\/1"}],"replies":[{"embeddable":true,"href":"https:\/\/pluriko.pl\/index.php\/wp-json\/wp\/v2\/comments?post=773"}],"version-history":[{"count":17,"href":"https:\/\/pluriko.pl\/index.php\/wp-json\/wp\/v2\/pages\/773\/revisions"}],"predecessor-version":[{"id":864,"href":"https:\/\/pluriko.pl\/index.php\/wp-json\/wp\/v2\/pages\/773\/revisions\/864"}],"wp:attachment":[{"href":"https:\/\/pluriko.pl\/index.php\/wp-json\/wp\/v2\/media?parent=773"}],"curies":[{"name":"wp","href":"https:\/\/api.w.org\/{rel}","templated":true}]}}